c**2 + 4*c - 1. Calculate b(s).
-1
Let j(i) = 2*i + 2. Let p = 37 + -44. What is j(p)?
-12
Let g(u) = -5*u - 3. Suppose -o - 7 = -6, 4 = -v - 2*o. What is g(v)?
7
Let o(n) = -n**3 + 4*n**2 + n + 2. Let y(d) = d - 4. Let r be y(6). Suppose t - r*t + 4 = 0. Give o(t).
6
Suppose 15 = -5*b, -2*a + 17 = -5*b - 10. Let p(u) = -4*u + a*u - 2*u**3 + 2*u**3 - 1 + 2*u**2 + u**3. Let r be ((-6)/(-9))/((-1)/3). What is p(r)?
-5
Let m(a) = a**3 - a**2 + 1. Let q(k) = k + 8. Let l be q(-7). Let i be l/(-3 + (-1 - -3)). Calculate m(i).
-1
Let p be (-10)/(-35) - (-216)/28. Suppose -3*a - 2 = -p. Let f(r) = -r**3 + 2*r**2 - 2. Determine f(a).
-2
Let z(c) = c + 3. Suppose -4*o - 22 = d, -4*d - 4*o - 45 = -5. Let k be z(d). Let n(i) = i + 1. Give n(k).
-2
Let s(m) = -3*m + 12. Let u(k) = 2*k - 11. Let q be 20/(-15) + 4/(-6). Let g = -3 + q. Let r(b) = g*s(b) - 6*u(b). Determine r(-4).
-6
Suppose 3*z = 3*p - 42, 3*z = -5*p - 25 - 9. Let d = z - -5. Let v = d - -4. Let k(u) = u - 1. Calculate k(v).
-5
Let p(v) = v**3 - 7*v**2 + 9*v - 3. Let m(b) = -b - 1. Let h be m(-7). Give p(h).
15
Let p(i) = -i**2 - i. Let a be ((-3)/2)/(2/(-4)). Let j = a + -2. Let b(r) = r**3 - 6*r**2 - 8*r - 1. Let c(l) = j*b(l) - 4*p(l). Give c(3).
-4
Let g = 12 - 2. Let m = -8 + g. Let b(a) = -2 - 3 - 2*a + m*a**2 + 3. What is b(3)?
10
Let w(i) = i**2 - 7*i - 38. Let s be w(-4). Let b(z) = z**3 - 7*z**2 + 5*z + 8. Determine b(s).
2
Let d(g) = -g - 7. Let y be d(-5). Let k(m) = -m**3 - 2*m**2 - 3*m. Let f be k(y). Suppose 3*r + 12 + f = 0. Let s(w) = -w**3 - 7*w**2 - 5*w + 7. Give s(r).
1
Let x(j) be the first derivative of j**6/120 + j**5/30 + j**4/12 + j**3/3 + 1. Let f(g) be the third derivative of x(g). What is f(-2)?
6
Let v(o) be the second derivative of o**5/20 - o**4/6 - o**3/2 - 2*o. Give v(-2).
-10
Let p(z) be the second derivative of -5*z**4/12 + z**3/3 + z**2/2 + 4*z. Give p(-1).
-6
Let k(y) = -3*y**3 - 2*y**2 + 2. Let u(z) = -2*z**3 - 2*z**2 + 2. Let j(c) = 3*k(c) - 4*u(c). Give j(3).
-11
Let u(f) = -f**2 + 6*f + 4. Let s(l) = l**2 - l. Let b(y) = 2*s(y) + u(y). Let i = 13 + -5. Suppose i = z - 3*z. Give b(z).
4
Let u(v) = -4*v - 6. Let m(d) = -d. Let p(s) = -2*m(s) + u(s). Suppose 0 = q - 0*q + 6. Determine p(q).
6
Let k = -7 + 7. Let m(g) be the third derivative of g**7/2520 - g**5/120 - g**4/24 - g**2. Let h(l) be the second derivative of m(l). Give h(k).
-1
Let c = -2 - -5. Suppose 1 = -p + 2*a, -19 = 5*p + c*a + a. Let h(u) = -4*u + 4. Let f(i) = -7*i + 8. Let d(n) = p*f(n) + 5*h(n). Calculate d(-3).
-7
Let x(v) = v**3 + 5*v**2 + 4*v + 2. Let o be 6/33 + (-105)/33. Calculate x(o).
8
Let m(z) be the third derivative of 0*z**4 + z**2 + 1/6*z**3 + 0 + 0*z - 1/20*z**5 - 1/360*z**6. Let v(i) be the first derivative of m(i). Determine v(-3).
9
Let v be 1 - -1*1/1. Let w be (-22)/(-4)*v - -2. Let p(i) = 2*i - 2*i - 20*i**3 + w*i**3. Give p(1).
-7
Let p = 3 - 7. Let s(u) = -2*u**2 - 7*u - 6. Give s(p).
-10
Suppose -8 = -3*k - 35. Let x(o) = o**2 + 11*o + 12. Give x(k).
-6
Let z(n) = -n**3 - 5*n**2 + 8*n + 9. Let f be -6 + (0/(-1))/1. Give z(f).
-3
Let w(g) = g**3 - 5*g**2 - 7. Let c(h) be the third derivative of h**5/15 - h**4/24 + h**2. Suppose -4*m = -2*m + 2. Let l be c(m). Calculate w(l).
-7
Let o(d) = -d - 7. Let a(j) = -j + 2*j + 0 + 8. Let y(g) = -3*a(g) - 4*o(g). Suppose x - z - 1 = 0, x - 3*z + z = 5. What is y(x)?
1
Let j(o) be the first derivative of -o**3/3 - 2*o**2 - 2*o + 2. Determine j(-4).
-2
Let z(p) = -p**2 - 7*p - 9. Let h be z(-3). Let l(u) = u**2 - 2*u + 3. Calculate l(h).
6
Suppose -m = -0*m + 4*z + 25, -z - 2 = 0. Let o(t) = -2*t + 7. Let a(p) = 5*p - 20. Let k(x) = m*o(x) - 6*a(x). Give k(-1).
-3
Suppose -2*j + 4*j - 8 = 0. Suppose -21 = -j*z + 67. Suppose l - 2*c = 4, z = -2*l + 2*c - 4*c. Let m(d) = d + 9. Calculate m(l).
3
Suppose g + 2*g = 4*f - 7, -5*f + 5 = 0. Let o(y) be the second derivative of y**4/4 + y**2/2 + 2*y. Give o(g).
4
Suppose i + 6 = -i. Let g(d) = 4*d**2 + 5*d + 5. Let r(n) = 5 + 6*n - 3 + 4 + 5*n**2. Let q(l) = -6*g(l) + 5*r(l). Determine q(i).
9
Suppose 0*s + s + 1 = 3*p, -6 = -5*s + 4*p. Let t(d) = d + 0*d + 0*d - s. Calculate t(-3).
-5
Suppose 0 = -4*o - 5*s - 12, -3*o + 5*s + 1 = 10. Let t(v) = 1 - v - 2 - 3. What is t(o)?
-1
Let f(z) = 4 - 6 - 5*z**2 - 5*z + 4*z**3 - 3*z**3. Let p be f(6). Let c(g) be the first derivative of -g**4/4 + 4*g**3/3 - 4*g - 2. Calculate c(p).
-4
Let t(g) = g**3 - 4*g - 3. Let s be -2 - 49/(-28) - 14/8. Calculate t(s).
-3
Let g(r) = -r**3 + 3*r**2 + 6*r - 1. Let f(v) = 2*v**3 - 7*v**2 - 13*v + 3. Let a(p) = -p**2 + 4*p + 7. Let x be a(6). Let y(c) = x*g(c) - 3*f(c). Give y(7).
10
Let u = 2 + -3. Let l(k) be the second derivative of -5*k**3/6 - k**2/2 + 4*k. Let b be l(u). Let r(n) = n**2 - 5*n. What is r(b)?
-4
Let o(v) = v + 8. Let z be o(-6). Let u(j) = -4*j**3 + j**z + 4 + j - 5 - 2*j**2. Suppose 0*b + 3*b - 3 = 0. Determine u(b).
-5
Let a(o) = o**2 + o. Let u be (-1)/(-3) + (-2)/(-3). Let k(q) = -q**2 - 5*q - 3. Let x(l) = u*k(l) + 2*a(l). Determine x(4).
1
Let f(b) be the first derivative of -b**4/4 + 3*b**3 + b**2 - b + 35. Calculate f(9).
17
Let m(s) = -s**2 + s. Let l = 23 + -20. Determine m(l).
-6
Suppose 4*w = -w + 15. Let y(x) be the first derivative of x**5/120 + x**3/3 + 2. Let a(i) be the third derivative of y(i). Calculate a(w).
3
Let w(q) = 2*q**2 + 0*q - 3*q - 4 - 2 + 4. Calculate w(3).
7
Let a = 17 - 8. Suppose a = 4*y - 3. Let r(c) = -c + 5. Calculate r(y).
2
Let o = -8 + 5. Let n(i) = i**2 + i - 1. Let g(d) = 4*d**2 + 4*d - 10. Let x(r) = o*n(r) + g(r). Let m(v) = -v**2 + 4*v. Let k be m(4). Give x(k).
-7
Let i(v) be the first derivative of v - 5/3*v**3 + 3 - v**2. Let j be i(1). Let s(g) = g**2 + 6*g. Determine s(j).
0
Let s(p) = -p**3 + p**2 - 1. Let r(d) = -4*d**3 - 5*d**2 + 2*d - 9. Let f(o) = -o**3 + o - 1. Let c(a) = 3*f(a) - r(a). Let n be c(-5). Give s(n).
-1
Let y(n) = -n + 7. Suppose 3*h + q - 29 = 0, -2*h = -h + q - 9. Determine y(h).
-3
Let a(n) = n**3 - 4*n**2 - 6*n - 1. Let b = 8 + -6. Let v be b/7 - 264/(-56). Give a(v).
-6
Suppose 5*t - s - 38 = 3*s, 0 = 2*t - 4*s - 20. Let u(o) = -3 + t*o + 2 + 0 - 7*o. What is u(-5)?
4
Let y(g) = -3*g**2 - g + 1. Let p be 1/(-6) + 14/12. Suppose -c - p = -2. Determine y(c).
-3
Suppose 5*d = -2 + 12. Suppose -d*z + 0*t = -2*t + 8, 0 = 3*t - 9. Let b(q) = -2*q**2 - 2*q - 1. Let c be b(z). Let h(f) = -4*f - 1. Calculate h(c).
3
Let o(l) = 16*l**2 - 29*l**2 - l**3 + 3 + 14*l**2. Determine o(3).
-15
Let t(v) = v**3 - 5*v**2 - v + 2. Let h(f) = -f**2 + 4*f. Let c = 2 + 1. Let p be h(c). Suppose -2*b + p = -7. What is t(b)?
-3
Let c(f) = f**2 + 3*f + 2. Let d be c(-3). Let a(p) = 2*p**d + 4 - 3*p**2 + 7*p + 2*p**2. Suppose -3*u + y = -y + 13, -12 = 3*u - 3*y. Calculate a(u).
-6
Let r(y) = -4*y - 16 - 13 + 31. Give r(3).
-10
Let b(n) be the first derivative of -n**4/4 - n**3 + n**2 - 4*n + 10. Calculate b(-4).
4
Let l(z) = 3*z - 13. Let u be l(6). Suppose q + 0 = u. Let i(n) be the second derivative of n**5/20 - 5*n**4/12 + n**3/3 + n**2 + n. What is i(q)?
12
Let s = 6 + -3. Suppose d = 6*v - v + 15, -s*v - 11 = -d. Let z(u) be the third derivative of u**6/120 - u**5/12 - u**4/24 - u**3/2 + 3*u**2. What is z(d)?
-8
Let i(x) = x + 2. Let r be i(2). Suppose -d = r*d. Let t(l) = -l**3 - 7. Calculate t(d).
-7
Let g(s) be the third derivative of s**6/120 + s**5/12 + 7*s**4/24 + s**3 - 9*s**2. Suppose -4*i + i + 9 = 0. Let n = -7 + i. Determine g(n).
-6
Let k(o) be the first derivative of -o**4/4 + o**3/3 - o**2/2 + 4*o - 4. Give k(0).
4
Let v(n) = n**2 + 13*n + 15. Let d be v(-12). Let g(l) = l**d - 3 + 5 - 1 + 3*l + 3*l**2 - l. Determine g(-3).
-5
Let d(w) = -7*w + 1. Suppose 3*r = 5*r + 8, 0 = 4*s - 4*r - 32. Let p(z) = 6*z - 1. Let f(h) = s*p(h) + 3*d(h). Give f(-1).
-4
Suppose 9 = d + 2*d. Let a(p) = 7*p**2 - d + 1 - p + 1 + 0. Calculate a(-1).
7
Let s(z) = -z**3 + 10*z**2 - z + 10. Let f be (-3 + 9)*16/12 + 2. Calculate s(f).
0
Let n = 5 + -1. Suppose -n*h - 2 = 2*y - 0, -2*h + 5*y = -29. Suppose 1 + h = m. Let x(k) = -k + 3. Calculate x(m).
0
Suppose -2*r = 3*s + 17, 2*r = 3*s - 0*s + 1. Let f(d) = d**2 + d - 1. Let y(h) = 2*h**2 + 3*h - 1. Let u(i) = -7*f(i) + 4*y(i). Give u(r).
-1
Let b(m) be the second derivative of -m**4/24 + m**3